[INFO] cloning repository https://github.com/putterson/rustlife
[INFO] running `Command { std: "git" "-c" "credential.helper=" "-c" "credential.helper=/workspace/cargo-home/bin/git-credential-null" "clone" "--bare" "https://github.com/putterson/rustlife" "/workspace/cache/git-repos/https%3A%2F%2Fgithub.com%2Fputterson%2Frustlife", kill_on_drop: false }`
[INFO] [stderr] Cloning into bare repository '/workspace/cache/git-repos/https%3A%2F%2Fgithub.com%2Fputterson%2Frustlife'...
[INFO] running `Command { std: "git" "rev-parse" "HEAD", kill_on_drop: false }`
[INFO] [stdout] d5d5c59679ef200b23aa7c5821aa4df404f54bbf
[INFO] checking putterson/rustlife against try#72f88fc4e9458f89516a0b8b0868f3718aec5b47 for pr-74989
[INFO] running `Command { std: "git" "clone" "/workspace/cache/git-repos/https%3A%2F%2Fgithub.com%2Fputterson%2Frustlife" "/workspace/builds/worker-14/source", kill_on_drop: false }`
[INFO] [stderr] Cloning into '/workspace/builds/worker-14/source'...
[INFO] [stderr] done.
[INFO] validating manifest of git repo https://github.com/putterson/rustlife on toolchain 72f88fc4e9458f89516a0b8b0868f3718aec5b47
[INFO] running `Command { std: "/workspace/cargo-home/bin/cargo" "+72f88fc4e9458f89516a0b8b0868f3718aec5b47" "read-manifest" "--manifest-path" "Cargo.toml", kill_on_drop: false }`
[INFO] started tweaking git repo https://github.com/putterson/rustlife
[INFO] finished tweaking git repo https://github.com/putterson/rustlife
[INFO] tweaked toml for git repo https://github.com/putterson/rustlife written to /workspace/builds/worker-14/source/Cargo.toml
[INFO] crate git repo https://github.com/putterson/rustlife already has a lockfile, it will not be regenerated
[INFO] running `Command { std: "/workspace/cargo-home/bin/cargo" "+72f88fc4e9458f89516a0b8b0868f3718aec5b47" "fetch" "--locked" "--manifest-path" "Cargo.toml", kill_on_drop: false }`
[INFO] [stderr]  Downloading crates ...
[INFO] [stderr]   Downloaded phf_generator v0.7.19
[INFO] [stderr]   Downloaded phf v0.7.19
[INFO] [stderr]   Downloaded odds v0.2.24
[INFO] [stderr]   Downloaded gleam v0.2.24
[INFO] [stderr]   Downloaded pistoncore-window v0.23.0
[INFO] [stderr]   Downloaded phf_shared v0.7.19
[INFO] [stderr]   Downloaded phf_codegen v0.7.19
[INFO] [stderr]   Downloaded pistoncore-event_loop v0.26.0
[INFO] [stderr]   Downloaded pistoncore-glutin_window v0.31.0
[INFO] [stderr]   Downloaded piston2d-opengl_graphics v0.36.0
[INFO] [stderr]   Downloaded piston v0.26.0
[INFO] [stderr]   Downloaded piston_window v0.57.0
[INFO] running `Command { std: "docker" "create" "-v" "/var/lib/crater-agent-workspace/builds/worker-14/target:/opt/rustwide/target:rw,Z" "-v" "/var/lib/crater-agent-workspace/builds/worker-14/source:/opt/rustwide/workdir:ro,Z" "-v" "/var/lib/crater-agent-workspace/cargo-home:/opt/rustwide/cargo-home:ro,Z" "-v" "/var/lib/crater-agent-workspace/rustup-home:/opt/rustwide/rustup-home:ro,Z" "-e" "SOURCE_DIR=/opt/rustwide/workdir" "-e" "CARGO_TARGET_DIR=/opt/rustwide/target" "-e" "CARGO_HOME=/opt/rustwide/cargo-home" "-e" "RUSTUP_HOME=/opt/rustwide/rustup-home" "-w" "/opt/rustwide/workdir" "-m" "1610612736" "--user" "0:0" "--network" "none" "rustops/crates-build-env@sha256:d92eaeed33fa75130ca1ee6c8a01d1ffb62bac859dfdfb3450e3e5d1c0146529" "/opt/rustwide/cargo-home/bin/cargo" "+72f88fc4e9458f89516a0b8b0868f3718aec5b47" "metadata" "--no-deps" "--format-version=1", kill_on_drop: false }`
[INFO] [stdout] 3a9f9dea0500374e990cce9df5fa03b62cfb56e0190bdab6466fc372977eb8a6
[INFO] [stderr] WARNING: Your kernel does not support swap limit capabilities or the cgroup is not mounted. Memory limited without swap.
[INFO] running `Command { std: "docker" "start" "-a" "3a9f9dea0500374e990cce9df5fa03b62cfb56e0190bdab6466fc372977eb8a6", kill_on_drop: false }`
[INFO] running `Command { std: "docker" "inspect" "3a9f9dea0500374e990cce9df5fa03b62cfb56e0190bdab6466fc372977eb8a6", kill_on_drop: false }`
[INFO] running `Command { std: "docker" "rm" "-f" "3a9f9dea0500374e990cce9df5fa03b62cfb56e0190bdab6466fc372977eb8a6", kill_on_drop: false }`
[INFO] [stdout] 3a9f9dea0500374e990cce9df5fa03b62cfb56e0190bdab6466fc372977eb8a6
[INFO] running `Command { std: "docker" "create" "-v" "/var/lib/crater-agent-workspace/builds/worker-14/target:/opt/rustwide/target:rw,Z" "-v" "/var/lib/crater-agent-workspace/builds/worker-14/source:/opt/rustwide/workdir:ro,Z" "-v" "/var/lib/crater-agent-workspace/cargo-home:/opt/rustwide/cargo-home:ro,Z" "-v" "/var/lib/crater-agent-workspace/rustup-home:/opt/rustwide/rustup-home:ro,Z" "-e" "SOURCE_DIR=/opt/rustwide/workdir" "-e" "CARGO_TARGET_DIR=/opt/rustwide/target" "-e" "CARGO_INCREMENTAL=0" "-e" "RUST_BACKTRACE=full" "-e" "RUSTFLAGS=--cap-lints=forbid" "-e" "CARGO_HOME=/opt/rustwide/cargo-home" "-e" "RUSTUP_HOME=/opt/rustwide/rustup-home" "-w" "/opt/rustwide/workdir" "-m" "1610612736" "--user" "0:0" "--network" "none" "rustops/crates-build-env@sha256:d92eaeed33fa75130ca1ee6c8a01d1ffb62bac859dfdfb3450e3e5d1c0146529" "/opt/rustwide/cargo-home/bin/cargo" "+72f88fc4e9458f89516a0b8b0868f3718aec5b47" "check" "--frozen" "--all" "--all-targets" "--message-format=json", kill_on_drop: false }`
[INFO] [stdout] c52b0b200435b4e9779bfc2ec8b0193988bc71349bb854dd643b0cfc74d55c73
[INFO] [stderr] WARNING: Your kernel does not support swap limit capabilities or the cgroup is not mounted. Memory limited without swap.
[INFO] running `Command { std: "docker" "start" "-a" "c52b0b200435b4e9779bfc2ec8b0193988bc71349bb854dd643b0cfc74d55c73", kill_on_drop: false }`
[INFO] [stderr]     Checking bitflags v0.7.0
[INFO] [stderr]    Compiling phf_shared v0.7.19
[INFO] [stderr]    Compiling libc v0.2.17
[INFO] [stderr]    Compiling winapi-build v0.1.1
[INFO] [stderr]    Compiling serde v0.8.17
[INFO] [stderr]     Checking lazy_static v0.2.1
[INFO] [stderr]     Checking winapi v0.2.8
[INFO] [stderr]     Checking rustc-serialize v0.3.19
[INFO] [stderr]     Checking lazy_static v0.1.16
[INFO] [stderr]     Checking bitflags v0.6.0
[INFO] [stderr]     Checking odds v0.2.24
[INFO] [stderr]     Checking lzw v0.10.0
[INFO] [stderr]     Checking inflate v0.1.1
[INFO] [stderr]     Checking color_quant v1.0.0
[INFO] [stderr]     Checking piston-shaders_graphics2d v0.2.1
[INFO] [stderr]     Checking fnv v1.0.5
[INFO] [stderr]     Checking piston-viewport v0.2.0
[INFO] [stderr]     Checking vecmath v0.2.0
[INFO] [stderr]    Compiling x11-dl v2.11.0
[INFO] [stderr]     Checking stb_truetype v0.2.0
[INFO] [stderr]     Checking draw_state v0.6.0
[INFO] [stderr]    Compiling tempfile v2.1.4
[INFO] [stderr]    Compiling phf v0.7.19
[INFO] [stderr]    Compiling gl v0.6.1
[INFO] [stdout] error[E0642]: patterns aren't allowed in functions without bodies
[INFO] [stdout]    --> /opt/rustwide/cargo-home/registry/src/github.com-1ecc6299db9ec823/rustc-serialize-0.3.19/src/serialize.rs:147:45
[INFO] [stdout]     |
[INFO] [stdout] 147 | ...                   &f_name: &str,
[INFO] [stdout]     |                       ^^^^^^^ pattern not allowed in function without body
[INFO] [stdout] 
[INFO] [stdout] 
[INFO] [stderr]    Compiling glutin v0.6.2
[INFO] [stderr]    Compiling gfx_gl v0.3.1
[INFO] [stderr]    Compiling wayland-client v0.5.12
[INFO] [stderr]     Checking rayon v0.4.3
[INFO] [stderr]     Checking shared_library v0.1.5
[INFO] [stderr]     Checking gif v0.9.0
[INFO] [stderr]    Compiling kernel32-sys v0.2.2
[INFO] [stderr]     Checking nodrop v0.1.8
[INFO] [stderr]    Compiling rand v0.3.14
[INFO] [stderr]     Checking piston2d-graphics v0.19.0
[INFO] [stderr]     Checking osmesa-sys v0.1.2
[INFO] [stderr]     Checking arrayvec v0.3.20
[INFO] [stderr]     Checking gfx_core v0.4.0
[INFO] [stderr]     Checking fs2 v0.2.5
[INFO] [stderr]     Checking time v0.1.35
[INFO] [stderr]     Checking memmap v0.2.3
[INFO] [stderr]     Checking jpeg-decoder v0.1.7
[INFO] [stderr]     Checking rusttype v0.2.1
[INFO] [stderr]     Checking png v0.5.2
[INFO] [stderr]    Compiling phf_generator v0.7.19
[INFO] [stdout] error: aborting due to previous error
[INFO] [stdout] 
[INFO] [stdout] 
[INFO] [stdout] For more information about this error, try `rustc --explain E0642`.
[INFO] [stdout] 
[INFO] [stderr] error: could not compile `rustc-serialize`.
[INFO] [stderr] 
[INFO] [stderr] To learn more, run the command again with --verbose.
[INFO] [stderr] warning: build failed, waiting for other jobs to finish...
[INFO] [stdout] error[E0311]: the parameter type `K` may not live long enough
[INFO] [stdout]   --> /opt/rustwide/cargo-home/registry/src/github.com-1ecc6299db9ec823/rusttype-0.2.1/src/support/bst/map.rs:81:19
[INFO] [stdout]    |
[INFO] [stdout] 81 |             match node.force() {
[INFO] [stdout]    |                   ^^^^
[INFO] [stdout]    |
[INFO] [stdout] note: the parameter type `K` must be valid for the anonymous lifetime #1 defined on the function body at 77:9...
[INFO] [stdout]   --> /opt/rustwide/cargo-home/registry/src/github.com-1ecc6299db9ec823/rusttype-0.2.1/src/support/bst/map.rs:77:9
[INFO] [stdout]    |
[INFO] [stdout] 77 | /         fn clone_subtree<K: Clone, V: Clone>(
[INFO] [stdout] 78 | |                 node: node::NodeRef<marker::Immut, K, V, marker::LeafOrInternal>)
[INFO] [stdout] 79 | |                 -> BTreeMap<K, V> {
[INFO] [stdout]    | |_________________________________^
[INFO] [stdout] 
[INFO] [stdout] 
[INFO] [stdout] error[E0311]: the parameter type `V` may not live long enough
[INFO] [stdout]   --> /opt/rustwide/cargo-home/registry/src/github.com-1ecc6299db9ec823/rusttype-0.2.1/src/support/bst/map.rs:81:19
[INFO] [stdout]    |
[INFO] [stdout] 81 |             match node.force() {
[INFO] [stdout]    |                   ^^^^
[INFO] [stdout]    |
[INFO] [stdout] note: the parameter type `V` must be valid for the anonymous lifetime #1 defined on the function body at 77:9...
[INFO] [stdout]   --> /opt/rustwide/cargo-home/registry/src/github.com-1ecc6299db9ec823/rusttype-0.2.1/src/support/bst/map.rs:77:9
[INFO] [stdout]    |
[INFO] [stdout] 77 | /         fn clone_subtree<K: Clone, V: Clone>(
[INFO] [stdout] 78 | |                 node: node::NodeRef<marker::Immut, K, V, marker::LeafOrInternal>)
[INFO] [stdout] 79 | |                 -> BTreeMap<K, V> {
[INFO] [stdout]    | |_________________________________^
[INFO] [stdout] 
[INFO] [stdout] 
[INFO] [stdout] error: aborting due to 2 previous errors
[INFO] [stdout] 
[INFO] [stdout] 
[INFO] [stderr] error: build failed
[INFO] running `Command { std: "docker" "inspect" "c52b0b200435b4e9779bfc2ec8b0193988bc71349bb854dd643b0cfc74d55c73", kill_on_drop: false }`
[INFO] running `Command { std: "docker" "rm" "-f" "c52b0b200435b4e9779bfc2ec8b0193988bc71349bb854dd643b0cfc74d55c73", kill_on_drop: false }`
[INFO] [stdout] c52b0b200435b4e9779bfc2ec8b0193988bc71349bb854dd643b0cfc74d55c73
